{"id":940,"date":"2024-02-27T14:00:00","date_gmt":"2024-02-27T17:00:00","guid":{"rendered":"https:\/\/cmsm-bue.infd.edu.ar\/sitio\/?page_id=940"},"modified":"2024-05-20T16:36:02","modified_gmt":"2024-05-20T19:36:02","slug":"ciclos-superiores","status":"publish","type":"page","link":"https:\/\/cmsm-bue.infd.edu.ar\/sitio\/ciclos-superiores\/","title":{"rendered":"Ciclos Superiores"},"content":{"rendered":"\n<figure class=\"wp-block-table\"><table><tbody><tr><td rowspan=\"7\"><strong>Ciclos Superiores<\/strong><\/td><td><a href=\"https:\/\/conservatoriodesanmartin.blogspot.com\/p\/profesorado-en-musica-orientacion-en.html\"><strong>Profesorado en M\u00fasica orientaci\u00f3n en Educaci\u00f3n Musical<\/strong><\/a><\/td><td><a href=\"https:\/\/drive.google.com\/file\/d\/1mhy8jvTyScwOoEgE4VgUtglZU0hASlLB\/view?usp=share_link\"><em>Descargar pdf<\/em><\/a><\/td><\/tr><tr><td><a href=\"https:\/\/conservatoriodesanmartin.blogspot.com\/p\/profesorado-en-musica-orientacion.html\"><strong>Profesorado en M\u00fasica orientaci\u00f3n en Instrumento<\/strong><\/a><\/td><td><a href=\"https:\/\/drive.google.com\/file\/d\/1mhy8jvTyScwOoEgE4VgUtglZU0hASlLB\/view?usp=share_link\"><em>Descargar pdf<\/em><\/a><\/td><\/tr><tr><td><a href=\"https:\/\/conservatoriodesanmartin.blogspot.com\/p\/tecnicatura-en-capacitacion-instrumental.html\"><strong>Tecnicatura en Capacitaci\u00f3n Instrumental<\/strong><\/a><\/td><td><a href=\"https:\/\/drive.google.com\/file\/d\/1cjxiDibVwSC-Qbc02QLq9Lllj0Xah37p\/view?usp=share_link\"><em>Descargar pdf<\/em><\/a><\/td><\/tr><tr><td><a href=\"https:\/\/conservatoriodesanmartin.blogspot.com\/p\/profesorado-en-musica-orientacion-en_11.html\"><strong>Profesorado en M\u00fasica orientaci\u00f3n en Canto<\/strong><\/a><\/td><td><a href=\"https:\/\/drive.google.com\/file\/d\/1mhy8jvTyScwOoEgE4VgUtglZU0hASlLB\/view?usp=share_link\"><em>Descargar pdf<\/em><\/a><\/td><\/tr><tr><td><a href=\"https:\/\/conservatoriodesanmartin.blogspot.com\/p\/tecnicatura-en-capacitacion-vocal.html\"><strong>Tecnicatura en Capacitaci\u00f3n Vocal<\/strong><\/a><\/td><td><a href=\"https:\/\/drive.google.com\/file\/d\/1Jg0T1wA2zP0pFPG26r2DXW7CH3qnkH9C\/view?usp=sharing\"><em>Descargar pdf<\/em><\/a><\/td><\/tr><tr><td><a href=\"https:\/\/conservatoriodesanmartin.blogspot.com\/p\/profesorado-en-musica-orientacion_11.html\"><strong>Profesorado en M\u00fasica orientaci\u00f3n en Direcci\u00f3n Coral<\/strong><\/a><\/td><td><a href=\"https:\/\/drive.google.com\/file\/d\/1mhy8jvTyScwOoEgE4VgUtglZU0hASlLB\/view?usp=share_link\"><em>Descargar pdf<\/em><\/a><\/td><\/tr><tr><td><a href=\"https:\/\/conservatoriodesanmartin.blogspot.com\/p\/tecnicatura-en-direccion-coral.html\"><strong>Tecnicatura en Direcci\u00f3n Coral<\/strong><\/a><\/td><td><\/td><\/tr><\/tbody><\/table><figcaption class=\"wp-element-caption\"><strong><em>Los programas de las materias que se dictan en nuestra instituci\u00f3n, est\u00e1n disponibles para estudiantes y docentes, ingresando al Campus Virtual, en el aula \u00abBiblioteca\u00bb, secci\u00f3n \u00abContenidos\u00bb, \u00abProgramas de Materias\u00bb.<\/em><br><br>&nbsp;&nbsp;&nbsp;(Las tecnicaturas consisten en la misma estructura que su correspondiente profesorado, restando las materias pedag\u00f3gicas)<\/strong><br><\/figcaption><\/figure>\n","protected":false},"excerpt":{"rendered":"<p>Ciclos Superiores Profesorado en M\u00fasica orientaci\u00f3n en Educaci\u00f3n Musical Descargar pdf Profesorado en M\u00fasica orientaci\u00f3n en Instrumento Descargar pdf Tecnicatura en Capacitaci\u00f3n Instrumental Descargar pdf Profesorado en M\u00fasica orientaci\u00f3n en Canto Descargar pdf Tecnicatura en Capacitaci\u00f3n Vocal Descargar pdf Profesorado en M\u00fasica orientaci\u00f3n en Direcci\u00f3n Coral Descargar pdf Tecnicatura en Direcci\u00f3n Coral Los programas de &#8230; <a title=\"Ciclos Superiores\" class=\"read-more\" href=\"https:\/\/cmsm-bue.infd.edu.ar\/sitio\/ciclos-superiores\/\" aria-label=\"More on Ciclos Superiores\">[+]<\/a><\/p>\n","protected":false},"author":106,"featured_media":0,"parent":0,"menu_order":0,"comment_status":"closed","ping_status":"closed","template":"","meta":[],"acf":[],"_links":{"self":[{"href":"https:\/\/cmsm-bue.infd.edu.ar\/sitio\/wp-json\/wp\/v2\/pages\/940"}],"collection":[{"href":"https:\/\/cmsm-bue.infd.edu.ar\/sitio\/wp-json\/wp\/v2\/pages"}],"about":[{"href":"https:\/\/cmsm-bue.infd.edu.ar\/sitio\/wp-json\/wp\/v2\/types\/page"}],"author":[{"embeddable":true,"href":"https:\/\/cmsm-bue.infd.edu.ar\/sitio\/wp-json\/wp\/v2\/users\/106"}],"replies":[{"embeddable":true,"href":"https:\/\/cmsm-bue.infd.edu.ar\/sitio\/wp-json\/wp\/v2\/comments?post=940"}],"version-history":[{"count":8,"href":"https:\/\/cmsm-bue.infd.edu.ar\/sitio\/wp-json\/wp\/v2\/pages\/940\/revisions"}],"predecessor-version":[{"id":1169,"href":"https:\/\/cmsm-bue.infd.edu.ar\/sitio\/wp-json\/wp\/v2\/pages\/940\/revisions\/1169"}],"wp:attachment":[{"href":"https:\/\/cmsm-bue.infd.edu.ar\/sitio\/wp-json\/wp\/v2\/media?parent=940"}],"curies":[{"name":"wp","href":"https:\/\/api.w.org\/{rel}","templated":true}]}}