{"id":762,"date":"2018-08-29T21:34:05","date_gmt":"2018-08-30T00:34:05","guid":{"rendered":"https:\/\/cmsm-bue.infd.edu.ar\/sitio\/historia\/"},"modified":"2024-03-04T20:16:38","modified_gmt":"2024-03-04T23:16:38","slug":"historia","status":"publish","type":"page","link":"https:\/\/cmsm-bue.infd.edu.ar\/sitio\/historia\/","title":{"rendered":"Historia"},"content":{"rendered":"<p><span style=\"font-weight: 400;\">El\u00a0 Conservatorio de M\u00fasica de Gral. San Mart\u00edn fue fundado en 1980 y a partir del mes de Octubre de 2013 se realiza la imposici\u00f3n del nombre \u201cAlfredo Luis Schiuma\u201d , rindiendo homenaje al compositor nacido en Italia en 1885 y radicado a temprana edad en la Rep\u00fablica Argentina, optando por \u00e9sta ciudadan\u00eda. El conservatorio que cuenta con 4 formaciones b\u00e1sicas (Ni\u00f1os y adolescentes, J\u00f3venes y Adultos, Canto y Trayecto formativo Intensivo), 7 carreras (Profesorado\/Tecnicatura de Instrumento, Profesorado\/Tecnicatura de Canto L\u00ecrico-Camar\u00edstico, Profesorado\/Tecnicatura en Direcci\u00f3n Coral y Profesorado en Educaci\u00f3n Musical) y una 8va. carrera en proceso de apertura: Profesorado de Composici\u00f3n. Adem\u00e1s tenemos una orquesta y un coro institucional, m\u00e1s una Orquesta T\u00edpica de Tango, que funciona como extensi\u00f3n.<\/span><\/p>\n<p><img decoding=\"async\" loading=\"lazy\" class=\"size-full wp-image-1019 aligncenter\" src=\"https:\/\/cmsm-bue.infd.edu.ar\/sitio\/wp-content\/uploads\/2024\/03\/music_conserv.jpg\" alt=\"\" width=\"838\" height=\"432\" srcset=\"https:\/\/cmsm-bue.infd.edu.ar\/sitio\/wp-content\/uploads\/2024\/03\/music_conserv.jpg 838w, https:\/\/cmsm-bue.infd.edu.ar\/sitio\/wp-content\/uploads\/2024\/03\/music_conserv-768x396.jpg 768w\" sizes=\"(max-width: 838px) 100vw, 838px\" \/><\/p>\n<p>El Conservatorio tiene una matr\u00edcula que oscila entre 1400 y 1600 alumnos, y cuenta con 130 profesores y 14 preceptores. Cursan estudiantes no s\u00f3lo de la zona, sino tambi\u00e9n de Escobar, Jos\u00e9 C. Paz, San Miguel, Hurlingham, Ciudad de Buenos Aires, entre otros. A su vez, ingresan chicos a partir de los 9 a\u00f1os. Las Carreras est\u00e1n pensadas para todos los instrumentos de orquesta adem\u00e1s de piano, guitarra y canto. Entre estos tenemos: viol\u00edn, viola, chelo, contrabajo, flauta, oboe, clarinete, fagot, saxo, trompeta, corno, tromb\u00f3n, bandone\u00f3n, percusi\u00f3n.<\/p>\n<p>El conservatorio posee un ciclo de Formaci\u00f3n B\u00e1sica que se extiende en el caso de los chicos hasta los 6 a\u00f1os, y en el caso de los adultos se puede hacer en 3 a\u00f1os. Despu\u00e9s de esa Formaci\u00f3n, se ingresa a un Profesorado de 4 a\u00f1os, ya sea para ser Docente en el instrumento, para ser Maestro de m\u00fasica, o para estudiar Direcci\u00f3n Coral.<\/p>\n<p>Actualmente, funciona en tres sedes, la Sede principal en la calle San Lorenzo 2381, un anexo en Tucum\u00e1n 2158 y otro en la Escuela N\u00ba18 en calle Pueyrred\u00f3n y F\u00e9lix Ballester. Desarrolla su actividad en tres turnos, de lunes a viernes entre las 8:00 y las 21:35 y los s\u00e1bados de 8:30 a 14:30. Desde la fundaci\u00f3n del conservatorio se viene luchando por un edificio propio, ya que la \u00fanica sede propia es la de Tucum\u00e1n que no tiene aulas necesarias, ni aulas aptas para el estudio de la m\u00fasica (aulas acustizadas, etc).<\/p>\n","protected":false},"excerpt":{"rendered":"<p>El\u00a0 Conservatorio de M\u00fasica de Gral. San Mart\u00edn fue fundado en 1980 y a partir del mes de Octubre de 2013 se realiza la imposici\u00f3n del nombre \u201cAlfredo Luis Schiuma\u201d , rindiendo homenaje al compositor nacido en Italia en 1885 y radicado a temprana edad en la Rep\u00fablica Argentina, optando por \u00e9sta ciudadan\u00eda. El conservatorio &#8230; <a title=\"Historia\" class=\"read-more\" href=\"https:\/\/cmsm-bue.infd.edu.ar\/sitio\/historia\/\" aria-label=\"More on Historia\">[+]<\/a><\/p>\n","protected":false},"author":47,"featured_media":0,"parent":0,"menu_order":0,"comment_status":"closed","ping_status":"closed","template":"","meta":[],"acf":[],"_links":{"self":[{"href":"https:\/\/cmsm-bue.infd.edu.ar\/sitio\/wp-json\/wp\/v2\/pages\/762"}],"collection":[{"href":"https:\/\/cmsm-bue.infd.edu.ar\/sitio\/wp-json\/wp\/v2\/pages"}],"about":[{"href":"https:\/\/cmsm-bue.infd.edu.ar\/sitio\/wp-json\/wp\/v2\/types\/page"}],"author":[{"embeddable":true,"href":"https:\/\/cmsm-bue.infd.edu.ar\/sitio\/wp-json\/wp\/v2\/users\/47"}],"replies":[{"embeddable":true,"href":"https:\/\/cmsm-bue.infd.edu.ar\/sitio\/wp-json\/wp\/v2\/comments?post=762"}],"version-history":[{"count":9,"href":"https:\/\/cmsm-bue.infd.edu.ar\/sitio\/wp-json\/wp\/v2\/pages\/762\/revisions"}],"predecessor-version":[{"id":1025,"href":"https:\/\/cmsm-bue.infd.edu.ar\/sitio\/wp-json\/wp\/v2\/pages\/762\/revisions\/1025"}],"wp:attachment":[{"href":"https:\/\/cmsm-bue.infd.edu.ar\/sitio\/wp-json\/wp\/v2\/media?parent=762"}],"curies":[{"name":"wp","href":"https:\/\/api.w.org\/{rel}","templated":true}]}}