{"id":761,"date":"2018-08-29T21:34:05","date_gmt":"2018-08-30T00:34:05","guid":{"rendered":"https:\/\/cmsm-bue.infd.edu.ar\/sitio\/autoridades\/"},"modified":"2026-03-30T21:01:45","modified_gmt":"2026-03-31T00:01:45","slug":"autoridades","status":"publish","type":"page","link":"https:\/\/cmsm-bue.infd.edu.ar\/sitio\/autoridades\/","title":{"rendered":"Autoridades"},"content":{"rendered":"\n<p><span style=\"font-family: verdana, geneva; font-size: 14pt;\">Director: <strong>Marcelo Mattano<\/strong><\/span><\/p>\n\n\n\n<p><span style=\"font-family: verdana, geneva; font-size: 14pt;\">Vicedirector: <strong>Pablo Stocco<\/strong><\/span><\/p>\n\n\n\n<p><span style=\"font-family: verdana, geneva; font-size: 14pt;\">Regente: <\/span><strong><span style=\"font-family: verdana, geneva; font-size: 14pt;\"><strong>Agust\u00edn Ordo\u00f1ez <\/strong><\/span><\/strong><\/p>\n\n\n\n<p><span style=\"font-family: verdana, geneva; font-size: 14pt;\">Regente<\/span>: <span style=\"font-family: verdana, geneva; font-size: 14pt;\"><strong>Pablo Ibarbangoitia <\/strong><\/span><\/p>\n\n\n\n<p><span style=\"font-family: verdana, geneva; font-size: 14pt;\">Secretaria:<strong>Gabriela S\u00e1nchez Berro<\/strong><\/span><\/p>\n\n\n\n<p><span style=\"font-family: verdana, geneva; font-size: 14pt;\">Prosecretaria:<strong>Paula Osorio<\/strong><\/span><\/p>\n\n\n\n<p><span style=\"font-family: verdana, geneva; font-size: 14pt;\">Jefa de Area Ciclo B\u00e1sico:\u00a0<strong>Alejandra Acosta<\/strong><\/span><\/p>\n\n\n\n<p><span style=\"font-family: verdana,geneva;\"><span style=\"font-size: 14pt;\">Jefa de Area Ciclo Superior:\u00a0<\/span><\/span><span style=\"font-family: verdana, geneva; font-size: 14pt;\"><strong>Federico Meyer<\/strong><\/span><\/p>\n\n\n\n<p><span style=\"font-family: verdana,geneva;\"><strong><span style=\"font-size: 14pt;\">&nbsp; &nbsp; &nbsp; &nbsp; &nbsp;<\/span> &nbsp; &nbsp; &nbsp; &nbsp;&nbsp;<\/strong><\/span><\/p>\n","protected":false},"excerpt":{"rendered":"<p>Director: Marcelo Mattano Vicedirector: Pablo Stocco Regente: Agust\u00edn Ordo\u00f1ez Regente: Pablo Ibarbangoitia Secretaria:Gabriela S\u00e1nchez Berro Prosecretaria:Paula Osorio Jefa de Area Ciclo B\u00e1sico:\u00a0Alejandra Acosta Jefa de Area Ciclo Superior:\u00a0Federico Meyer &nbsp; &nbsp; &nbsp; &nbsp; &nbsp; &nbsp; &nbsp; &nbsp; &nbsp;&nbsp;<\/p>\n","protected":false},"author":47,"featured_media":0,"parent":0,"menu_order":0,"comment_status":"closed","ping_status":"closed","template":"","meta":[],"acf":[],"_links":{"self":[{"href":"https:\/\/cmsm-bue.infd.edu.ar\/sitio\/wp-json\/wp\/v2\/pages\/761"}],"collection":[{"href":"https:\/\/cmsm-bue.infd.edu.ar\/sitio\/wp-json\/wp\/v2\/pages"}],"about":[{"href":"https:\/\/cmsm-bue.infd.edu.ar\/sitio\/wp-json\/wp\/v2\/types\/page"}],"author":[{"embeddable":true,"href":"https:\/\/cmsm-bue.infd.edu.ar\/sitio\/wp-json\/wp\/v2\/users\/47"}],"replies":[{"embeddable":true,"href":"https:\/\/cmsm-bue.infd.edu.ar\/sitio\/wp-json\/wp\/v2\/comments?post=761"}],"version-history":[{"count":5,"href":"https:\/\/cmsm-bue.infd.edu.ar\/sitio\/wp-json\/wp\/v2\/pages\/761\/revisions"}],"predecessor-version":[{"id":991,"href":"https:\/\/cmsm-bue.infd.edu.ar\/sitio\/wp-json\/wp\/v2\/pages\/761\/revisions\/991"}],"wp:attachment":[{"href":"https:\/\/cmsm-bue.infd.edu.ar\/sitio\/wp-json\/wp\/v2\/media?parent=761"}],"curies":[{"name":"wp","href":"https:\/\/api.w.org\/{rel}","templated":true}]}}